 t = -5162 - -5407. Calculate the remainder when 956 is divided by t.
221
Let b(a) = 20*a**2 - 15*a + 50. Let m(v) = 11*v**2 - 7*v + 26. Let z(n) = 3*b(n) - 5*m(n). Calculate the remainder when z(3) is divided by 6.
5
Let c = 582 - 281. Suppose c = 21*d + 70. What is the remainder when d is divided by 9?
2
Let n(v) = v**2 + 8*v - 15. Let x be n(-8). Let s be -2*x*(-12)/(-9). Suppose -86 - s = -6*d. What is the remainder when d is divided by 12?
9
Let s = 29428 + -28898. Calculate the remainder when s is divided by 226.
78
Suppose -44 = -18*c + 7*c. Suppose -2*s - l - 4*l = -14, c*s + 2*l = 44. What is the remainder when 47 is divided by s?
11
Let s = 10 - -35. What is the remainder when s/(-18)*124/(-10) is divided by 11/(-3)*(-1 - 2)?
9
Let m = 3572 + -3536. Calculate the remainder when 622 is divided by m.
10
Let h be ((-252)/(-45))/((-6)/(-15)). Let r be 4/h + 297/63. Suppose 0 = 2*j + 5*u - 24, -11 - 84 = -5*j + r*u. Calculate the remainder when j is divided by 6.
5
Let q(c) = c**3 - 20*c**2 + 35*c + 65. Let t be q(18). Let b = 158 + -98. Let o = b - t. Calculate the remainder when 101 is divided by o.
10
Let p(l) = -907*l + 1861. What is the remainder when 6388 is divided by p(2)?
43
Let y be 961 - (4/(-12))/((-3)/45). Suppose 0 = -y*u + 953*u + 240. Calculate the remainder when u is divided by 45.
35
Let z = 398 - 398. Suppose z = 5*x + 7 - 432. What is the remainder when x is divided by 15?
10
Let n(t) = -t**3 - 6*t**2 + 3*t - 49. Let b be n(-8). Suppose 10*x - b - 45 = 0. Calculate the remainder when x is divided by 10.
0
Suppose -37 = -4*x + 11. What is the remainder when 10/(-40) - 42/(-8) - -52 is divided by x?
9
Let l = 312 - 305. What is the remainder when (l/(-21))/(3/(-189)) is divided by 10?
1
Let v(g) = -g**3 - 43*g**2 - 139*g - 205. What is the remainder when v(-40) is divided by 45?
15
Suppose -4*b = -5*d - 246 - 299, b - 166 = -3*d. Calculate the remainder when 41757 is divided by b.
142
Let b be -10*(-3)/(15/(-155)). Let c = b + 208. Let s = -64 - c. What is the remainder when s is divided by 13?
12
Suppose -10*b = 17*b - 46*b + 27075. What is the remainder when b is divided by 17?
14
Let r = 184 - 182. Calculate the remainder when 503 is divided by r.
1
Suppose -7*x + 122 + 53 = 0. Suppose 0 = 9*t - 13*t + 3288. What is the remainder when t is divided by x?
22
Suppose -5*r = -20, 228 = 28*i - 20*i + 3*r. What is the remainder when 1510 is divided by i?
25
Let t = 4070 + -3919. What is the remainder when 10114 is divided by t?
148
Let k(s) = -s**3 + 50*s**2 - 2*s + 116. What is the remainder when ((-249)/(-9))/((-1)/(-6)) is divided by k(50)?
6
Suppose 4*f = -5*k - 251, 5*f = 3*k + 2*f + 129. Suppose 121 = 2*o + 9. Let j = o + k. Calculate the remainder when 26 is divided by j.
8
Suppose 0 = 3*v - 4*q + q - 60, 0 = 3*v + q - 68. Let t(k) = -4*k - 55. What is the remainder when t(-24) is divided by v?
19
Suppose -5*s + 78 = 21*s. Let t = 36 - 7. Suppose -3*j - 10 = -c, s*c - t = -c + j. Calculate the remainder when 11 is divided by c.
4
Let c = -35 + -21. Let q = c + 62. Suppose -16 = q*b - 7*b. Calculate the remainder when 27 is divided by b.
11
Let y(k) = -2*k + 18. Let t be y(-10). Suppose -37*p + 35*p = -t. What is the remainder when ((-14)/8)/(44/(-880)) is divided by p?
16
Suppose 0 = 2*d - 6, 4*d - 3*d = -5*n + 23. Suppose 0 = 2*s + 10*h - 9*h - 14, n*h + 34 = 2*s. Calculate the remainder when 348 is divided by s.
6
Suppose 0 = 2*j - 2*n - 8, -17*n + 13*n = -2*j. Suppose 2*o + j*o = 420. What is the remainder when 147 is divided by o?
21
Suppose 6991 + 15993 = 13*w. Suppose -274*y - w = -287*y. What is the remainder when y is divided by 12?
4
What is the remainder when ((-57454)/483)/((-26)/273) is divided by 21?
10
Suppose 22*d - 968 = 3*d - 3*d. Let h(f) = 2*f**2 - 4*f + 3. Let r be h(2). What is the remainder when d is divided by (r - 1)/(2/8)?
4
Let s = 260 + -257. Suppose 7*y + 5*d + 36 = 8*y, 0 = -s*y - d + 28. What is the remainder when 86 is divided by y?
9
Suppose -4*f + 4920 = -4444. Let x = f - 1152. Suppose -14*l + x = 83. What is the remainder when l is divided by 27?
25
Suppose -3*y + 3 = 14*l - 11*l, -y + l + 11 = 0. Calculate the remainder when 110 is divided by y.
2
Suppose 66*p - 4544 = 34*p. What is the remainder when 746 is divided by p?
36
Let d = 141 - 139. Suppose -5*f - d*g + 48 = g, -2*f + 21 = 3*g. Calculate the remainder when 113 is divided by f.
5
Let h = -42 + 24. Let i(z) = -15*z**2 + 421*z + 25. Let d be i(28). Let b = h + d. Calculate the remainder when 139 is divided by b.
34
Suppose -300*m - 2*j = -304*m + 560, j - 4 = 0. Calculate the remainder when 555 is divided by m.
129
Calculate the remainder when (-1)/(12/(-96314)) - ((-165)/(-18))/(-11) is divided by 12.
11
Let t = -2481 - -2497. Calculate the remainder when 166 is divided by t.
6
Let s = -4648 + 4803. What is the remainder when s is divided by 52?
51
Let y be 2/(-4) + 2763/(-18). Let o = y - -168. What is the remainder when 37 is divided by o?
9
Let q(z) = 15*z**2 + 6*z + z - 40 - z**3 - 6*z + 2*z + 14. What is the remainder when q(15) is divided by 6?
1
Suppose -5*i - 8 = -3, 0 = -k + 5*i + 3. Let h = 176 - 162. Let g = h + k. Calculate the remainder when g is divided by 9.
3
Let s(q) = 2*q**2 + 166*q + 477. What is the remainder when s(-81) is divided by 34?
17
Suppose 75*b = -82*b + 156*b + 132. Calculate the remainder when 270 is divided by b.
6
Let y = 35561 - 35281. Calculate the remainder when y is divided by 58.
48
Let k(o) = 2*o + 9*o - 21 - 13*o - 4. What is the remainder when 106 is divided by k(-17)?
7
Let p be (-8)/(-24)*309 - -2. Let s = 135 - p. Calculate the remainder when 84 is divided by s.
24
Let z(l) = -2*l + 51. Suppose -k + 5 = -v - 7, 4*k + 2*v - 18 = 0. Let a(r) = 14*r. Calculate the remainder when a(k) is divided by z(9).
32
Let k = -54 + 92. Suppose -k*l = -33*l - 555. Calculate the remainder when l is divided by 56.
55
Let i = -149 + -4. Let t = i + 284. Suppose 2*k + 3*l - 32 = 0, 2*k + k - 47 = -5*l. Calculate the remainder when t is divided by k.
17
Calculate the remainder when 1/(((-6)/(-9))/(183492/162)) is divided by 213.
208
Suppose -2*g = -7*g + 65. Let k = -53 - -57. Calculate the remainder when 1/(-2)*(k - 44) is divided by g.
7
Suppose 0 = 42*c - 115*c + 21754. What is the remainder when 24435 is divided by c?
297
Let s(p) = -p**2 + 1. Let w(l) = l**3 - 17*l**2 - 6*l - 29. Let v(o) = -4*s(o) - w(o). Calculate the remainder when 164 is divided by v(21).
13
Suppose 4*u + 77*f - 864 = 75*f, -f = u - 214. Calculate the remainder when 815 is divided by u.
161
Let x(p) = -3*p**3 + 5*p + 5 + 2*p**3 - 11 - 10*p**2 + 14*p**2. Suppose 4*k - 91 = 45. What is the remainder when k is divided by x(3)?
16
Let h(p) = p**3 - 5*p**2 - 6*p + 13. Suppose -5*u = 2*v - 133, 2*v + 17 = -8*u + 9*u. What is the remainder when u is divided by h(6)?
12
Suppose -3*z = 4*g - 10, 5*z - 15 = -4*g - g. Let y be z/(-8) + (910/(-8))/(-7). Suppose -q + 50 = y. Calculate the remainder when q is divided by 10.
4
Let i = 192 + -85. What is the remainder when i is divided by (96/(-3) - -29) + -3 + 5 + 10?
8
Suppose 2*x + 3*a - 170 = 0, -2*x + 4*a - 27 = -169. Calculate the remainder when 479 is divided by x.
5
Let d(i) = -21*i + 0*i**2 + 9*i - 6*i**2 - i**3 - 11. Let q(b) = b**3 - 5*b + 17. What is the remainder when q(5) is divided by d(-5)?
21
Suppose -l + 6 = -2*u, l - 21 = -2*l + 5*u. Let t be ((-16)/(-24))/((-2)/l). What is the remainder when 46 + 2/t*0 is divided by 12?
10
Let c(v) = -10*v - 30. Let q be c(16). Let n = -457 - -474. Calculate the remainder when (-4 + 0)/1 - q is divided by n.
16
Suppose -11*d + 29940 = 28532. What is the remainder when 237 is divided by d?
109
Let f = 44 - 27. Suppose -4*p = -68*a + 69*a - 12, -5*p = 3*a - 50. What is the remainder when a is divided by f?
3
Suppose -362 = -4*h - 3*i, -109*h + 114*h - 441 = 2*i. Calculate the remainder when h is divided by 6.
5
Suppose -2*p - 5 = 3*f, -5*p - f - 8 = -28. Suppose -18*y = -p*y - 351. Suppose h = 88 - y. Calculate the remainder when h is divided by 17.
10
Suppose 0*w + 2*w - 164 = 0. Let g(n) = -70*n + 347. Let x be g(5). Let q(p) = -3*p**3 - 9*p**2 - 7*p. Calculate the remainder when w is divided by q(x).
19
Let h = -12212 - -12976. Ca